3. What is the units digit of p?
7
Let h(a) = 46*a - 15. Let x = 35 + -31. What is the tens digit of h(x)?
6
Let y = 81 - 96. Suppose 46 + 44 = 3*f. Let l = f + y. What is the tens digit of l?
1
Let i = -24 - -43. Suppose -i - 1 = -5*j. Let s = 11 - j. What is the units digit of s?
7
Suppose 5*n + 0*n + 5 = 0. Let o be ((-27)/(-6))/(n/4). Let b = o - -41. What is the units digit of b?
3
Suppose -41*v + 0*v = -158219. What is the thousands digit of v?
3
Suppose -2*q - 10 = -3*r, r + 3*q + 15 = -0*r. Suppose 3*k = -r*k + 195. What is the tens digit of k?
6
Let u be (-70)/6 - 9/27. Let l = -12 + u. What is the units digit of ((-32)/l)/((-2)/(-6))?
4
Suppose -2*o = -o. Let h be 5*2/20*o. Suppose h = 5*u - 2*p - 127, -3*u - 54 = -2*p - 131. What is the tens digit of u?
2
Let k(j) = -j**3 - 12*j**2 - 10*j + 9. Let s be k(-11). Let x be (-368)/(-88) - s/(-11). What is the tens digit of -1 + -3 + 112/x?
2
Let t = -2422 + 3860. What is the units digit of t?
8
Suppose 5*d + k - 2893 = 0, 1662 = 5*d - 2*k - 1222. What is the tens digit of d?
7
Let o(l) = 7*l + 773. What is the tens digit of o(6)?
1
Let d(x) = x - 1. Let l be 44/12 - (-2)/6. Suppose -v = -3 - l. What is the units digit of d(v)?
6
Let s = 10 + -13. Let v be 4 + -2 + s - -5. Suppose v*n - 57 = 19. What is the tens digit of n?
1
What is the tens digit of (11310/(-12))/(-13)*2?
4
Suppose 5*k = -20, 3*l = 2*k + 139 + 4. Let p = l + 23. What is the tens digit of p?
6
Let s(t) = t**3 - 2*t**2 - 3*t + 8. Let c be s(4). Let p(a) = a - 22. What is the units digit of p(c)?
6
Let i = 481 + -25. What is the units digit of i?
6
Suppose -2*x - p = 11, 4*x + 26 = 2*p - 0*p. Let d be 21/x*1*-2. Suppose 7 = 2*g - d. What is the units digit of g?
7
Let r(k) = 309*k - 9. What is the hundreds digit of r(1)?
3
Suppose 2*t = 5*g - 3516, 2799 = -18*g + 22*g + 3*t. What is the units digit of g?
2
Let s be 5/(-2) + (-1 - 5/(-2)). What is the units digit of 14 + 6 + (-1)/s?
1
What is the tens digit of (12/(-5))/((-1)/155)?
7
Let q = 120 - -528. What is the tens digit of q?
4
Suppose 9*p + 50 = 4*p. Let w be ((-5)/p)/(2/12). Suppose -w*a = -4*a + 23. What is the tens digit of a?
2
Let v be -16 + 2*2/(-2). Let l be ((-6)/4)/(v/24). Suppose 0*h + 30 = l*h. What is the units digit of h?
5
Suppose -3*q = 2*k + 3, 2*q + 1 = -4*k - 1. Let h = 1 - q. What is the units digit of (h/(-5))/((-1)/40)?
6
What is the tens digit of ((-237)/(-4))/(0 + 18/48)?
5
What is the tens digit of (-25800)/(-144) - 5/(-6)?
8
Suppose 4*h - 16 = 0, -p + 2*h - 7*h = -1248. What is the hundreds digit of p?
2
Let x = 3 - 14. Let t = -20 - x. Let s(d) = -6*d - 15. What is the units digit of s(t)?
9
Suppose 0 = 27*n - 2778 - 1947. What is the tens digit of n?
7
Let j(g) = -g + 4. Let n be j(-12). Suppose 0*x + 3*x - 672 = 0. Suppose -n*q = -20*q + x. What is the tens digit of q?
5
Let h(k) = -3*k + 17. Let t(x) = -2*x + 32. Let v be t(13). Let w be h(v). What is the units digit of (-1)/w*(-12)/(-4)?
3
Suppose -137 = -3*h + g, 4*h + 7*g - 2*g - 151 = 0. Suppose 3*i - 3*n = 30, 0 = 4*i - 0*i - 3*n - h. What is the units digit of i?
4
Let h = 53 + -38. Let y = h + -12. Suppose -5*n = -y*l - 62, 0 = -3*n - 0*n + 4*l + 46. What is the tens digit of n?
1
Let m = 14384 + -9781. What is the thousands digit of m?
4
Suppose 45*s = 6*s + 6552. What is the tens digit of s?
6
Suppose -3*m + 2940 = 3*m. Suppose 3*o + 81 = p, 2*o - m = p - 6*p. What is the units digit of p?
6
Let x(l) = -46*l - 15. Let u(q) = -q**3 - 14*q**2 - q - 19. Let n be u(-14). What is the hundreds digit of x(n)?
2
Let p be 373 + (0/(-2))/(-1). Suppose 5*u = -o + p, -3*u - 3*o + 340 = 121. Suppose -4*d + 5*s - s = -56, 0 = 5*d - 4*s - u. What is the tens digit of d?
1
Let j(k) = 93*k - 465. What is the tens digit of j(26)?
5
Let n(p) = 8*p**2 + 6*p. Let i be n(-4). Let t = -58 + i. What is the tens digit of t?
4
Let y(r) = -459*r + 160. What is the thousands digit of y(-11)?
5
Let z = 249 - -113. What is the units digit of z?
2
Let k(y) = 1000*y + 131. What is the units digit of k(5)?
1
Let k be (-6)/14 - (-858)/91. Let b be k - (1 + 5 + -3). Suppose -23 = -7*n + b*n. What is the units digit of n?
3
Let m(j) = -3*j**2 - 11*j + 1. Suppose 3*d = -2*d - 25. Let l(b) = -2*b**2 - 6*b + 1. Let r(c) = d*l(c) + 3*m(c). What is the units digit of r(4)?
2
Let y be (-2)/4*(-1 - 219)*1. Suppose 6*o = 8*o - y. What is the units digit of o?
5
Let q(r) = -r**2 + 17*r + 31. What is the units digit of q(13)?
3
Suppose -4*g = w - 146, -4*g + 3*w + 123 + 15 = 0. Suppose -6*o + 3*o = -g. Let t(x) = -x**2 + 16*x - 20. What is the units digit of t(o)?
8
Let j(m) = 205*m + 26. What is the units digit of j(3)?
1
Let q(a) = 274*a - 24. What is the units digit of q(4)?
2
Let j(u) = -43*u - 1. Let g(w) = -27*w + 2. Let o be g(1). Let c be o/15 - (-4)/6. What is the tens digit of j(c)?
4
Let u = 1299 - 114. What is the units digit of u?
5
Suppose 4*s - 639 = -c, 5*s - c = 484 + 317. What is the tens digit of 1 + s/(0 - -2)?
8
Let w(k) = -k**3 + 12*k**2 - 9*k - 2. Let u = 18 - 12. Let q(i) = -2*i**3 + 23*i**2 - 17*i - 4. Let p(z) = u*q(z) - 11*w(z). What is the units digit of p(5)?
8
Let p = -6267 - -24927. What is the tens digit of p/340 - (-2)/17?
5
What is the tens digit of 5 + (1 - 1/(3/(-1542)))?
2
Suppose -4*o - 6*o = -6100. What is the tens digit of o?
1
Let t(v) = 16*v**3 + 3*v**2 - 6*v + 13. What is the hundreds digit of t(4)?
0
What is the units digit of ((-6)/4 + 1)/(51/(-245004))?
2
Suppose -11497 = -3*l - q, -2*q - 7448 = -2*l + 222. What is the tens digit of l?
3
Let r(f) be the third derivative of f**6/10 - f**5/60 - f**4/24 - f**3/6 - 11*f**2. Let s be r(-1). Let y(p) = -p**2 - 18*p. What is the tens digit of y(s)?
6
Let f be ((-25)/(-20))/((-1)/(-4)). Suppose i - 6*l + l + 7 = 0, 0 = -4*i + f*l + 2. Suppose i*v - 53 = 82. What is the tens digit of v?
4
Let v(q) be the second derivative of q**4/4 - 5*q**3/6 - 7*q**2 - 12*q. What is the tens digit of v(-4)?
5
Let v be (-1 + 1/(2/(-4)))*-1. Suppose -5*o + 108 = 6*l - 2*l, v*l - 15 = -o. What is the units digit of o?
4
Suppose -13*o - 18 = -174. Let c(f) = 10*f + 24. What is the tens digit of c(o)?
4
Let f be (-9)/(-36) - (-618)/(-8). Let w be -3 - -2 - 1 - f. Suppose -2*o = -7*o + w. What is the tens digit of o?
1
Let i(h) = -h**3 - 5*h**2 + 13*h - 5. Let n be i(-7). Suppose 0*m = a + 3*m - 109, -n*a + 210 = 2*m. What is the units digit of a?
3
Let k = 13 + -15. Let x(j) = j**2 + 8*j + 10. Let v be x(-7). Let s = v - k. What is the units digit of s?
5
Let a be -3 + (-478)/(-6) + (-2)/3. Let s = -29 + a. What is the units digit of s?
7
Let y = 1093 - 605. What is the tens digit of y?
8
Suppose 0 = -2*s + 4*n + 128, 0 = -3*s + 2*n + 16 + 160. What is the units digit of s?
6
Let q(x) = -x**2 + 2. Let z be q(0). Suppose 0 = 2*i + i. Suppose i = -z*u + 11 + 1. What is the units digit of u?
6
Suppose s + 5*d = 960, 2*s + 3*d - 960 = s. What is the hundreds digit of s?
9
Let a(u) = -3*u**2 - u - 320. Let g be a(0). Let j = 563 + g. What is the hundreds digit of j?
2
Let q(i) = -i + 10. Let c be q(7). Suppose 0 = -3*m - c*m + 1008. What is the tens digit of m?
6
Let x(h) = 15 - 3*h + 17 - 19. What is the units digit of x(-10)?
3
Let m = 227 + -135. Suppose m = 5*w - 3*w. Let g = w + -25. What is the tens digit of g?
2
Suppose 29*o - 3832 = 13104. What is the units digit of o?
4
Let n(k) be the first derivative of -19*k**3/6 + k**2/2 - 9*k + 10. Let x(q) be the first derivative of n(q). What is the tens digit of x(-4)?
7
Let o = -77 + 65. What is the units digit of 70 + 2*4/o*3?
8
Let p(h) = 5*h**3 - 5 - 9*h + 9*h**2 - 5*h**3 - h**3. What is the units digit of p(6)?
9
Suppose -185 = -2*b - 59. What is the units digit of b?
3
Suppose 22*f - 93*f = -58220. What is the tens digit of f?
2
Let h(t) = -14*t - 2. Let d be h(-8). Let b = 159 - d. What is the units digit of b?
9
Suppose -8*u + 1766 + 122 = 0. What is the tens digit of u?
3
Let j(q) = 2*q + 4*q**2 - 4*q**2 - 4*q - q**2 + 36. What is the units digit of j(0)?
6
Let t = 57 - 39. Suppose -t = -3*n + n - 2*v, 3*v = -n + 11. Let r = n - 2. What is the units digit of r?
6
Suppose 5*v - 48 = k, 0 = 3*v - 4*k + 5 - 27. Suppose -7*p = -v*p + 219. What is the tens digit of p?
7
Suppose -5*l + 13*n = 15*n - 6601, 